
Calculate -1 - -2 - (-6 - (-22 - (19 + -69))).
35
Evaluate -2 + (-6 - (-2 - (12 + 10)) - (-1 - -5)).
12
What is (97 + -1 - (3 + -1)) + (-1 - -5) + 5?
103
What is -232 - -233 - (-11 - -3) - (-1 + 1 + -38)?
47
Calculate -89 - (-18 + (-7 + -12 - -13)).
-65
What is the value of 16 + -11 + -17 - (-418 + 277)?
129
Evaluate -35 + -59 + 68 + -1 + -9 + -4 + -6.
-46
What is the value of -10 + -6 + -7 + 44 + -3?
18
What is -2352 + 2372 + (4 - 49)?
-25
-14 + -19 + (-23 - -49) - 5
-12
Calculate -57 - -11 - (-52 - -11).
-5
What is the value of 23 - (35 - -14) - (9 + -9 - -9)?
-35
Evaluate 49 + -53 - (1 + (1 - -2)) - (-273 + 264).
1
What is 8 - (44 + -60) - 10?
14
Evaluate -79 - -79 - (-6 + (3 - 0)) - (1 + 2).
0
What is the value of 5 - (-42 + (-25 + 4 - -37))?
31
-3 + -8 + 20 - (-511 - -500)
20
Calculate (8 - (1 + -3)) + (269 - 85) + -96.
98
(-21 - -5 - (10 - 28)) + -35
-33
Evaluate -18 + (-10 - ((5 - (15 - 4)) + -32 + 20)).
-10
What is 498 - 453 - (3 - (4 + 5 - -2))?
53
What is the value of 26 + -26 + -1 + -4 + 63 + -20?
38
Calculate (9 - (-6 + 7)) + -9 + -2 + 3 + -2.
-2
What is -47 + -39 + (101 - -26)?
41
Calculate 16 + (3 - (-21 - -11) - 76).
-47
What is 8 + (-50 - (-43 + 40))?
-39
What is -43 + 29 + (-23 - -4 - 15)?
-48
Calculate (-4 - -1) + (-115 + 56 - -13).
-49
Evaluate 18 + -32 + (16 - 8) + 18 - (0 - -52).
-40
Calculate 41 + -22 + (15 - 7 - (-17 + -5)).
49
Evaluate -494 + 443 + 107 + -1.
55
What is -51 - (3 + -6) - (2032 - 2026)?
-54
Calculate 8 + -2 - (-573 + 583 - (0 - 3)).
-7
What is the value of -6 - 104 - -17 - -44?
-49
Calculate -82 + -7 - (277 - 294).
-72
Evaluate -4 + 18 + -1 + -8 + -21 + -9.
-25
Calculate 128 - (36 + -5) - (7 + 10 - -1).
79
Calculate 0 + (-329 - -280) - (-23 - -1).
-27
Calculate -16 + (-7 - (-14 - (-4 + -5 - -4))).
-14
Calculate (11 - (16 + -10) - 11) + 12 - (-1 + -7).
14
Evaluate -13 - ((-81 - 2) + 9 + (-6 - -21)).
46
Evaluate 39 - (127 + -45 + -14).
-29
What is the value of -26 - (-1 - 10 - (-85 - (-157 + 82)))?
-25
(3630 - 3656) + 2 + -3 + -3
-30
What is the value of 1708 - 1641 - (-1 - -142)?
-74
What is the value of 5 - ((0 - -1) + -17) - (-80 + 144)?
-43
Evaluate 193 + -213 - (-68 - 4).
52
Calculate -75 - ((9 - 2) + (-22 - -12) + 6).
-78
10 + (8 - ((30 - -9) + -17)) - (-3 + -77)
76
What is the value of (24 - 5 - (-3 + 2)) + 13?
33
Evaluate (6 - (16 - 7 - 14)) + -2 + 0 + -5.
4
What is the value of 96 + (-21 - -162) + -128?
109
Calculate 36 + -75 - (-22 - -11 - 8).
-20
What is -15 + (-1 - 28) + -18 + (15 - 0)?
-47
0 - -8 - (3498 + -3461)
-29
What is the value of 34 + (10 - (17 - (10 + -11 - -9)))?
35
Calculate (11 - -11) + -4 + -2 + (-88 - 1).
-73
What is the value of (339 - 319) + (0 + -11 - (0 - 1 - 1))?
11
Evaluate 58 - 3 - 40 - 25.
-10
What is (-15 + 3 - (-1 + -13 + -28)) + (3 - 7)?
26
Calculate ((-19 - -11) + 35 - 94) + 24.
-43
-3 + 7 + (103 - (191 - 112))
28
Calculate (13 - -17 - 11) + -6 - 10 - -24.
27
What is (-9 - (-6 + 3 + 6 - -15)) + 9?
-18
Calculate -26 - -40 - ((-564 - -569) + (1 - (-1 + -40))).
-33
(-104 - -265 - 168) + -90
-97
Calculate -5 + -21 - (1 + 6 - (29 - (-27 + 55))).
-32
Evaluate -69 + (53 - (14 + -5)).
-25
What is (14 - -91) + -141 + 29?
-7
Calculate -85 - (0 + -3) - (39 - (-44 + 93)).
-72
-87 + (3087 - 3106 - (29 - -1))
-136
Calculate (19 - (-35 + 3)) + -53.
-2
Evaluate 28 + (-60 - -11) + (15 - -24).
18
Evaluate (9 + -63 - 10) + -35 + 56.
-43
What is the value of (1 + -100 - (2042 - 2043)) + -2?
-100
Calculate (-30 + -12 - -41) + (10 - 90).
-81
Calculate -59 + -2 + 5 + 2 + -9 + 18.
-45
-14 - (17 + 5 + -10 + 21)
-47
Evaluate -149 - (47 + -204 + 58).
-50
What is (21 - (-15 - -67) - -14) + 29 + -17?
-5
4 - 0 - (-256 + 221)
39
Evaluate 17 + -145 + (83 - -19).
-26
-10 + 3 - (-11 + (30 - 11))
-15
Calculate (-74 - -5) + (67 - 16) + -25 + 4.
-39
Calculate -34 - (-67 - -2) - 2.
29
What is (114 + -28 - 65) + (-2 - 18) - (0 - 91)?
92
What is 2580 + -2647 + (-3 + (-3 - -10) - (0 - -1))?
-64
-31 + 1 + (-1 + 28 + -6 - 11) + -4
-24
(10 - (-2 + 0) - (51 + -54 + 18)) + -35
-38
What is -36 + 16 + -13 + 6 - 41?
-68
Evaluate -24 + (10 - 1 - (-6 + 16)) + -2.
-27
What is the value of 26 + -8 + (16 + 3 - -11) + 19?
67
Calculate 2 + (-31 - 11 - 9) + 16.
-33
What is 15 + 0 + -10 + 8 + 2 + -11?
4
What is the value of 9 - -3 - 2 - (-7 + (-3 - -7))?
13
48 + (127 - -12) + -247
-60
What is the value of -7 - -1 - (-50 - (-29 + (-3 - -16)))?
28
Calculate (14 + (-25 - -24) - 22) + -4.
-13
Calculate -18 + 23 + -2 + -35 + -9.
-41
Calculate -59 + 49 + (2 - -63 - 1).
54
What is the value of 25 + (-51 - -5) + 57 - -30?
66
8 + (9 - 11) + (4 - (41 + 3))
-34
What is 72 - (40 - 8 - 12 - (9 - (4 - 6)))?
63
What is the value of (0 - -9 - (21 + (-5 - 19))) + -43?
-31
Calculate (53 - 24) + -34 + 41 + 0.
36
What is the value of -3 + (26 + -31 - (-1 - 1) - (-2 - 5))?
1
-186 + 82 + 53 + (-2 - -1)
-52
What is 4 + -66 + 5 - (-427 - -395)?
-25
Evaluate (-154 - -111) + 89 + -10.
36
What is the value of -20 + (13 - -1 - 4) - (-4 - -11)?
-17
Calculate (-8 + 12 - -6) + (4 - (4 + 46)).
-36
What is 5 + (13 - 8) + 18 + -16 - -12?
24
Evaluate 18 + (-47 - -35 - 81) + 13 + -1.
-63
22 - (-6 - -20) - (2 + -6 + 4)
8
Evaluate (-13 - -37) + (-23 + -16 - 28).
-43
-19 + 31 + (-40 - (-2 - 27))
1
What is the value of -25 + -47 + 1 + 5 + 0?
-66
What is (-2 - (159 + -10)) + -846 + 887?
-110
(-22 - (-27 + -17)) + -74
-52
Evaluate 18 + -4 + 5 + -12 - (2 + 24).
-19
Evaluate -1 + (2 - 3 - 7) - (-12 + -26).
29
Calculate 20 - (-30 + 18 + 37) - ((1 - 2) + 48).
-52
-14 + -57 - 43 - -92
-22
Evaluate -26 + 3 + (21 + 3 - 14) + 111.
98
Calculate (13 - 0) + (-1967 - -2004) + 1 + -5.
46
What is 141 + -106 - (-42 - -12)?
65
(-16 - -9 - 8) + 19 - (-3 - (7 - 89))
-75
Calculate -80 - 79 - (2 - 4 - (-1 - -9)) - -3.
-146
Calculate 11 + -4 + -3 + 4 + 3 + -103 + 95.
3
What is the value of -46 + (-2 - (-4 + (6 + -8 - 1))) + -3?
-44
What is (-14 - 0) + (-9 - (15 - 35)) + 10 + -95?
-88
Evaluate (14 - 11) + 257 + -294.
-34
96 + -99 + 48 + -2
43
Evaluate 81 + (-38 - (-81 - -22)).
102
Evaluate 2 - -3 - ((-7 - (-11 + 13)) + (-92 - -9)).
97
Evaluate -20 - (-2 + (-4 - -20) + -105).
71
Evaluate 248 + -271 - (-10 - 91).
78
Evaluate 17 - (22 - 127 - -24).
98
What is 17 + (7 - (14 + (-24 - -13)) - (-6 - 1))?
28
-3 - -5 - 3 - -4 - (-62 - -66) - -4
3
What is the value of -29 - (140 - 101) - 40?
-108
What is the value of (-10 - (3 + 14) - -13) + (12 - 2)?
-4
15 + -10 - (-6 - (44 + -10 + 2))
47
-226 - (-170 + -79 - -126)
-103
2 + -3 + (-1 - -16) - ((46 - 72) + 25)
15
Calculate (-43 - -19) + (5 - 0 - (-6 + 21)).
-34
Evaluate -44 + (-1 - 1) + (1703 - 1645 - (-1 + 48)).
-35
What is -85 - -16 - (-16 - 41)?
-12
Calculate -31 + (5 + 34 - (1 - -21)).
-14
Evaluate 5 + -2 + (3 - -5) - (111 + (132 - 248)).
16
Calculate 55 + (0 - 2 - 19 - (-85 + 35 - -38)).
46
-1778 + 1832 - (-26 + -1 + 2)
79
-1 + -11 + 725 + -678 - ((-1 - -1) + 4)
31
-6 + 3 + 3 + -32 + -17 + -18 + 22
-45
Evaluate -67 - (-190 - -102) - (7 - (0 - 1)).
13
Calculate 0 + 6 + (-24 + (2 - -2) - 2) + -2.
-18
73 + 44 + -106 - (-2 + -5 - 2)
20
Calculate (8 - 25 - (-3 - 5 - 23)) + -3.
11
Evaluate (11 + -8 - (-15 + -78)) + (-13 - -5).
88
Evaluate 33 + (-1 + 0 - 0 - (10 - 15 - -8)).
29
Calculate -24 - 32 - (-10 - 50).
4
What is -1 + (-8 + (1 - 8) - -4) + 43?
31
What is -6 + -4 + 19 + -3 + -7 + -1?
-2
Evaluate -6 + 10 - (12 - 17 - -11 - 6).
4
What is the value of (40 - 2) + (2779 - 2839)?
-22
What is the value of -12 - (42 + 11 + 19 + -16)?
-68
Evaluate (5 - (15 + -71)) + (-1 - (-21 - -13)).
68
What is the value of 2 - 17 - (83 + -3 - 95)?
0
-30 + (-48 - (-24 + -7)) + -12
-59
What is the value of (-11 - (-14 + 5) - 6) + -4 + 3 + 11?
2
What is the value of (3 - ((1 - -14) + -29 + 20)) + -56?
-59
What is (-70 + -15 - 0) + 9 + 21 - (0 + 0)?
-55
-68 - (-32 + -6 + 31 + (-4 - -2))
-59
What is the value of 5 - 0 - (-53 + 57 - (-3 - 98))?
-100
What is 91 + -60 + -50 + 13 + 1 - -11 - 58?
-52
Calculate (-2 - 0 - -30) + (19 - (-3 + 5 - -14)).
31
Evaluate (14 - -3) + -19 + 13 + -10.
1
Calculate 1210 + -1348 - (-46 - 4).
-88
99 + (-48 - -8) + -44
15
1 - -15 - (-734 - -676)
74
Calculate -19 - ((-14 - 22) + 64 - 18).
-29
What is (-10 - -10) + 4 + (-3 + -4 - (-62 + 10))?
49
Evaluate 14 + -19 - (23 + -10 - 41).
23
Calculate (0 - 15) + (23 + 43 + -45 - (-3 + 34)).
-25
What